prime?
False
Suppose 4*m - 7 = 3*a - 6, 5*a - 17 = 2*m. Let k(p) = 4 + 336*p**2 - 12*p + 20*p - a*p. Is k(-1) composite?
False
Let t be 31 + -24 - ((1 - 0) + 1). Is 2 - (10 - t) - -5630 a prime number?
False
Let x(n) = 23174*n - 179. Is x(8) prime?
False
Let s be 1 - -2 - 0 - 1. Let f(q) = -6 - 2*q + 6 + 55*q**s + 1. Is f(-4) a prime number?
False
Let w = -80480 + 738177. Is w a prime number?
False
Suppose -48*h + 209235 = -47421. Is h a prime number?
True
Suppose 4*y = -11 + 31. Suppose y*d + 5895 = -5*j, 3*d + 3*j = j - 3538. Let n = 1706 + d. Is n prime?
False
Let n = -304 - -304. Suppose g = -4*q + 4274 + 3861, n = -5*q - 15. Is g a composite number?
False
Let g(i) = -1793*i + 72. Let k(m) = -7170*m + 292. Let l(u) = 9*g(u) - 2*k(u). Is l(-1) a composite number?
False
Suppose 10 = -2*o, 4*m + 17*o = 16*o + 1887183. Is m a composite number?
True
Let w(s) = 3*s**3 - 9*s - 9. Let h be w(-2). Let c(a) = 7*a**2 + 61*a - 19. Is c(h) composite?
False
Is 32/(-18) - (-40)/30 - (-8248405)/9 prime?
False
Let i be (-88)/(-12) + 5/(-15). Is (i - 11) + -1 - -2712 a prime number?
True
Suppose 3*q - 45480 = -0*q. Suppose -5*o + 2*m + q = 0, 4*m = -0*m + 20. Suppose -o - 1752 = -2*r. Is r a prime number?
True
Let j(c) = -2*c**2 + 12*c + 32. Let u be j(8). Suppose -5*k + q + 218 = -u*k, -3 = q. Is k a prime number?
True
Let i(j) = -1949*j**3 - j - 1. Let z be i(-1). Let q(w) = 273*w + 3. Let b be q(5). Let v = z - b. Is v a prime number?
False
Suppose -9*p + 202825 = -1260566. Is p a composite number?
True
Suppose -2*l = -31 - 81. Let d = 169 - l. Let o = -54 + d. Is o composite?
False
Let i be (-4)/(-3) - (-111545)/21. Suppose -5*c + 18992 = -i. Is c composite?
False
Suppose -3*q + 9477 = 5*n - 25217, 2*n + 23124 = 2*q. Is q a prime number?
False
Suppose 663*d = 665*d - 96314. Is d composite?
False
Suppose 0 = 315*s - 366*s + 388671. Is s prime?
True
Let m(g) = g**3 - 9*g**2 + 16*g - 42. Let i be m(8). Suppose 0 = -18*w + i*w - 508. Is w composite?
False
Let d = 59753 - 5560. Is d a composite number?
False
Suppose 2*b - 25849 = -2*p + 14721, 0 = -5*p - 4*b + 101418. Is p prime?
False
Let d(h) = -34449*h**3 + 3*h**2 + 3*h. Is d(-1) composite?
True
Let m = 17 - 7. Let a be (-2)/(-1) - 20/m. Suppose 0 = -2*w - 4*i - a*i + 1662, 2*i = -8. Is w a prime number?
True
Let g = 304339 - -128110. Is g a composite number?
False
Let x = 38422 + 566161. Is x composite?
True
Let d be (-64)/22 - (-37)/(-407). Is (-7 + -8987 + -3)*(d - -2) composite?
True
Let u be (4/(-38) - 161/(-266))*372. Is (u/(-12))/(1/(-58)) a prime number?
False
Suppose -10*n = -17*n + 23121. Suppose 2*j + 4*q = -284 + 6914, -n = -j - 5*q. Is j prime?
True
Let b(h) = 124*h - 29. Let n be b(20). Suppose -14353 = -4*l + n. Is l prime?
True
Let q(y) = y**3 - 12*y**2 + 6*y + 15. Let h be 34*(3 - -2) + (-1 - 1). Suppose -8*r - 4*r = -h. Is q(r) prime?
True
Let r = 4213437 + -2461404. Is r composite?
True
Is 1 - (-702975)/1 - 20/(-47 - -27) a prime number?
False
Let r = -259 - -260. Let i(b) = 4446*b**2 - 2*b - 3. Is i(r) a composite number?
False
Let q(h) = -13*h + 46. Let b be q(-14). Suppose 0 = -226*x + b*x - 14354. Is x a prime number?
True
Suppose -15*q = -21*q - 60. Is (17/(680/6064))/((-4)/q) prime?
True
Let r = -63 + 131. Let b = 62 - r. Is (-4)/24 - 679/b prime?
True
Suppose 39*l = 45*l - 46680. Suppose 0 = 6*h - l - 2354. Is h composite?
True
Let p(l) = 14347*l**2 - 14*l + 57. Is p(2) a prime number?
False
Let b be 5/((10/5)/2). Suppose -3*x + 32937 = -b*c + 9470, -x = 2*c - 7815. Is x a prime number?
False
Let h(k) = 5 + 4 - 3*k - 22 + 215*k**2. Is h(-2) prime?
True
Let q(j) = -4*j**3 + j**2 + 2*j + 2. Suppose 4*v - 2 = -10. Let c be q(v). Suppose -39*g + 2965 = -c*g. Is g composite?
False
Suppose -2*l = -3*l - 4*u + 18, 4*l - 34 = 3*u. Let i be (808/l)/(16/(-10) - -2). Suppose -5*c = -m - 2468, 5*c + 2*m - 2257 - i = 0. Is c prime?
False
Let l(g) = 3065*g**2 - 31*g - 23. Let i be l(-20). Suppose -52*b = -11*b - i. Is b a composite number?
False
Suppose 433983 = -29*x + 1627594. Is x composite?
True
Let k be 68/12 + 7/(42/(-4)). Suppose m + k*u = u + 2, 25 = -5*u. Is m prime?
False
Let w(c) = 3856*c**2 - 7*c + 4. Let l be w(-2). Suppose l = -2*y + 4*y. Is y prime?
False
Suppose -u = 2*j + j + 21, -5*j = -2*u + 13. Let d be (-331464)/(-72) - 2/u. Suppose -10*x + 6*x = -d. Is x prime?
True
Is 15 - 2 - (-26852)/14 prime?
True
Suppose 33*o - 192 = -522. Is ((-941605)/(-2))/(-7)*4/o a composite number?
False
Let q be (-9)/((-36)/(-14))*1492. Let h = q - -17484. Is h composite?
True
Suppose -w - 8497 = 4187. Let r = 19661 + w. Is r composite?
False
Suppose 0 = -n - 3, 16*g - 17*g - 9 = n. Is ((-36273)/g)/(5/((-20)/(-2))) prime?
False
Suppose 4*m + 14 = 2*b, -3 - 16 = -5*b + 2*m. Suppose -3*c = -5*a - 6547, -5*a + 10*a - 6497 = -b*c. Is c a prime number?
False
Suppose 281*x - 166*x - 9623545 = 0. Is x prime?
False
Suppose 0 = -2*j + n + 75, 2*j - 17*n - 74 = -15*n. Let q(r) = -r**3 + 34*r**2 + 237*r + 89. Is q(j) a prime number?
True
Let n(p) = 1327706*p**2 - 236*p + 235. Is n(1) a prime number?
False
Let j(a) = 1063*a**2 - a - 3. Let s(r) = -1064*r**2 + 3. Let m(i) = -2*j(i) - 3*s(i). Let k be m(1). Is (k/(-20))/(12/(-176)) composite?
True
Let c(l) = -l + 30. Let r(g) = -2*g + 61. Let a(m) = -13*c(m) + 6*r(m). Let n be a(23). Let j = n - -2158. Is j a composite number?
True
Let v be (7 - (4 - 4)) + -7957. Let z = -799 - v. Is z prime?
True
Suppose 0 = -22*j + 8703 + 17285 + 9894. Is j composite?
True
Let z(o) = -2*o**2 - 18*o - 16. Let m be z(-10). Let j = m - -39. Suppose -j*f - n = 3*n - 193, 2*f - 132 = -n. Is f prime?
True
Suppose 50178 = 4*k - 5*b + 11425, -4*b = -5*k + 48448. Let p = k + -3685. Is p a composite number?
False
Let z(y) = -4*y**3 + 11*y**2 + 62*y - 203. Is z(-34) prime?
True
Suppose -4*n + 6*n - 514 = 0. Let y = n + -100. Is 3 + y - (-2 + 0 + -1) a composite number?
False
Suppose 9*l + 12 = 13*l. Suppose -7*h - l*h = 350. Is (6706/h)/(((-6)/(-5))/(-3)) a composite number?
False
Suppose 3 = 4*d + 2*j - 21, -4*j = d + 8. Suppose -6*s - 404 = -d*s. Is s prime?
False
Let q = -27759 - -198322. Is q/133 - (-9)/(-21) a prime number?
False
Suppose -4*p - 75 = -9*p. Suppose -2*g - p = -39. Is 664/g - ((-4)/(-3))/4 a prime number?
False
Let f(g) = 23*g**2 + 70*g + 755. Is f(-68) prime?
False
Let z be (2 - -3)*-12*7/(-105). Is z - (-4 - 25258*3/6) composite?
False
Suppose 3*f = -2*f + 10, 2*c = -2*f + 12. Suppose -c*w + 516 = -84. Let h = w - -107. Is h a composite number?
False
Let n(u) = 447*u**2 - 9*u - 16. Let j be n(9). Suppose -4*m - 48185 = -p, -4*m + m = 5*p + j. Let d = m - -18374. Is d composite?
False
Suppose -68*t + 53958 + 7645478 = 0. Is t prime?
True
Let a be ((-13094)/4*-1)/((-20)/(-40)). Suppose -3*p + 2*k + a = 0, -5*p + k + 13315 = 2415. Is p a composite number?
False
Suppose -280*u - 30 = -283*u. Is 4/(u/(-5)) - (-2 - 3527) composite?
False
Is 3/(-2)*(134*(-1569)/18 - -1) a composite number?
False
Let z be 14404 + 4/(2/2). Let a = z + -4431. Suppose -8*n = 3*n - a. Is n composite?
False
Let p = -70 + 72. Let s(z) = z**3 - 2*z**2 + 4*z - 3. Let h be s(p). Suppose m + 3420 = h*d, 2*d - 4*m = 6*d - 2712. Is d a prime number?
True
Let a(r) = 190*r**2 - 4*r - 5. Let c be a(-1). Let m = -84 - -40. Let t = m + c. Is t a prime number?
False
Let f(u) = -u**3 + 2*u**2 + 27*u - 18. Let c be f(6). Suppose c = -m + s + 1707, -4015 - 2805 = -4*m + 2*s. Is m prime?
False
Let l(b) be the second derivative of 11*b**5/20 - b**4/3 + b**3/2 - 3*b**2/2 + 33*b. Let i(z) = z - 3. Let d be i(6). Is l(d) composite?
True
Suppose -14*u - 1043 + 5299 = 0. Suppose u = 8*q - 1368. Is q a composite number?
True
Let y(h) = 12610*h**2 + 69*h - 368. Is y(5) prime?
False
Let l(y) = -15*y**3 + y + 2. Let s be l(-1). Let k be 4/(s/12) - -4 - 2. Suppose 11*u = k*u + 402. Is u composite?
False
Suppose -4*d + 1 + 3 = 0, o - 75 = 2*d. Suppose -h + o + 1639 = 3*w, -5*h + 8580 = 4*w. Let p = h + -317. Is p prime?
True
Let j(m) = 23056*m - 11543. Is j(82) prime?
True
Suppose 3*l - 3*h - 81927 = 0, 0 = -2*h + 4*h - 4. Is l prime?
False
Suppose q = 2*i + 589127, 3*q - 204*i - 1767436 = -209*i. Is q a prime number?
False
Let l(r) be the first derivative of r**4/4 + 38*r**3/3 - 24*r**2 - 93*r - 4. Is l(-38) prime